52
Let c(f) = 18*f**3 - 215*f**2 + 9*f - 226. Determine c(12).
26
Let n(m) = -2*m**2 + 2927*m + 89583. What is n(-30)?
-27
Let b(r) = -7*r**2 + 135*r - 617. What is b(13)?
-45
Let o(l) = 157*l**2 + 92*l + 3. What is o(-1)?
68
Let v(d) = -35919*d**2 + 359211*d - 218. Give v(10).
-8
Let u(y) = -2*y**3 - 478*y**2 + 570*y + 21601. What is u(-240)?
1
Let s(o) = -o**3 + 468*o**2 - 48824*o - 548. What is s(157)?
-77
Let y(t) = 744*t - 8934. Calculate y(13).
738
Let i(h) = 3*h**2 - 445*h - 34314. What is i(-56)?
14
Let g(a) = 434808*a - 82. Determine g(0).
-82
Let y(s) = -s**3 - 73*s**2 + 7594*s - 266. What is y(-131)?
258
Let k(p) = 51*p**2 + 1469*p + 6975. Calculate k(-6).
-3
Let t(p) = -2*p**3 + 22*p**2 + 782*p - 21. Calculate t(-15).
-51
Let y(p) = -p**3 + 23*p**2 - 962*p + 22144. What is y(23)?
18
Let v(f) = -36*f**2 - 723*f + 384. Determine v(-19).
1125
Let w(h) = -722*h + 4898. Calculate w(7).
-156
Let g(z) = -3*z**3 - 372*z**2 + 4886*z + 133. Calculate g(12).
13
Let y(f) = -748*f**3 - 11223*f**2 - 39*f + 78. What is y(-15)?
-12
Let y(g) = 13*g**3 - 205*g**2 - 30*g - 202. Give y(16).
86
Let a(n) = -98*n**2 + 35378*n - 10. What is a(361)?
-10
Let c(j) = -3*j**3 + 16*j**2 + 75*j - 194. Give c(2).
-4
Let k(d) = -28*d**2 + 314*d + 5922. Give k(-15).
-5088
Let w(g) = 2*g**2 + 256*g - 2942. Give w(12).
418
Let m(p) = p**3 + 4*p**2 - 748*p - 3010. Calculate m(-4).
-18
Let b(u) = -u**3 + 382*u**2 + 9769*u + 602. Calculate b(-24).
2
Let h(f) = 121*f + 2995. Determine h(-26).
-151
Let a(i) = 254*i - 8240. Give a(32).
-112
Let c(f) = 8115*f + 24328. Give c(-3).
-17
Let m(u) = -3106080*u - 40379034. Determine m(-13).
6
Let y(q) = q**3 - 53*q**2 - 268*q + 51. What is y(58)?
1327
Let g(q) = -q**3 + 172*q**2 + 190*q - 1233. What is g(173)?
1708
Let x(i) = 3*i**3 + 95*i**2 + 586*i + 12. What is x(-9)?
246
Let b(o) = 105*o**2 - 3903*o - 11722. What is b(-3)?
932
Let j(c) = -21487*c - 279189. What is j(-13)?
142
Let k(f) = -694*f + 60400. Calculate k(87).
22
Let y(x) = 3*x**3 - 17*x**2 + 45*x - 174. Determine y(5).
1
Let m(n) = -17*n**2 + 57*n + 2297. Determine m(-10).
27
Let l(z) = -5*z**3 - 58*z**2 + 235*z + 1854. Give l(-13).
-18
Let h(x) = -x**3 + 3851*x**2 + 266495*x + 157. Calculate h(-68).
-47
Let h(x) = x**3 + 31*x**2 - 600*x + 351. What is h(13)?
-13
Let s(l) = 369081*l + 2214473. Give s(-6).
-13
Let v(x) = x**3 + 62*x**2 - 9*x + 2804. Calculate v(-63).
-598
Let r(l) = -2*l**2 - 138*l - 153. Determine r(-60).
927
Let u(b) = 3*b**2 - 1263*b + 87174. Determine u(87).
0
Let b(w) = 2854*w + 2837. Give b(-1).
-17
Let v(o) = o**3 + 14*o**2 - 15*o - 548. Determine v(-10).
2
Let s(i) = -12*i**2 + 434*i + 3185. Give s(-7).
-441
Let t(u) = -3051*u + 3086. What is t(1)?
35
Let r(x) = 86*x**3 - 1291*x**2 + 21*x + 108. Determine r(15).
198
Let n(j) = 2*j**2 + 60*j - 7867. Calculate n(-80).
133
Let n(c) = -2*c**3 + 52*c**2 - 53*c + 508. Calculate n(25).
433
Let v(p) = 178*p - 14307. Calculate v(80).
-67
Let s(d) = 135*d**2 + 508*d + 22. Calculate s(-4).
150
Let i(j) = -2*j**3 + 419*j**2 - 230*j - 81942. Give i(208).
10
Let j(x) = -x**3 + 11*x**2 - 54*x + 20. What is j(9)?
-304
Let f(x) = -2840*x - 65320. Give f(-23).
0
Let i(v) = 2*v**3 + 9*v**2 + 40*v + 288. Give i(-9).
-801
Let h(f) = -2264*f - 122239. Give h(-54).
17
Let v(h) = 8645*h - 155507. Give v(18).
103
Let j(w) = 3*w**3 + 3*w**2 - 5*w - 49. Give j(6).
677
Let f(y) = 21*y**3 - 4159*y**2 + 202*y - 798. Determine f(198).
-6
Let o(k) = -15*k**3 + 427*k**2 - 172*k - 82. What is o(28)?
590
Let m(s) = -422*s + 2347. Determine m(7).
-607
Let z(b) = -17030*b + 102186. Give z(6).
6
Let h(s) = -s**3 - 87*s**2 - 12*s - 388. Calculate h(-87).
656
Let o(v) = 665*v + 9308. Give o(-14).
-2
Let u(b) = -946*b - 38782. What is u(-41)?
4
Let k(g) = g**2 + 188*g + 8425. Determine k(-126).
613
Let r(b) = -1714*b - 11980. What is r(-7)?
18
Let h(n) = n**3 - 23*n**2 + 69*n - 2320. Calculate h(24).
-88
Let z(n) = -15*n**3 + 2401*n**2 - 196*n + 5756. Give z(160).
-4
Let h(f) = -6*f**2 + 12*f + 505. Give h(-8).
25
Let c(z) = 36861*z + 6192664. Give c(-168).
16
Let w(g) = -919*g - 186558. Determine w(-203).
-1
Let s(c) = -56*c**2 + 391*c - 577. Calculate s(2).
-19
Let u(c) = -c**2 + 463*c + 2826. What is u(-6)?
12
Let k(s) = -s**2 - 471*s - 11244. Calculate k(-26).
326
Let h(r) = -3758*r - 21025. What is h(-6)?
1523
Let s(z) = 3931*z - 66819. What is s(17)?
8
Let t(a) = -2*a**3 + 202*a**2 + 204*a - 34. Give t(102).
-34
Let i(v) = 4*v**3 + 231*v**2 + 6*v + 3732. Give i(-58).
20
Let y(u) = -28*u**2 - 23290*u + 4994. Determine y(-832).
2
Let v(w) = -w**3 + 47*w**2 - 23*w - 622. Give v(46).
436
Let p(k) = k**3 + 124*k**2 - 123*k + 1804. Calculate p(-125).
1554
Let x(v) = -16*v**3 - 192*v**2 + 212*v + 11. Determine x(-13).
-41
Let a(n) = 8*n**3 + 54*n**2 - 22*n - 61. Give a(-7).
-5
Let c(t) = 5*t**3 + 138*t**2 + 73*t - 102. Give c(-27).
114
Let r(o) = -56129*o + 505202. Give r(9).
41
Let h(k) = -3*k**3 - 190*k**2 + 114*k - 753. Determine h(-64).
143
Let w(o) = -6647*o - 93053. Give w(-14).
5
Let x(v) = -v**3 + 202*v**2 - 227*v + 5974. Give x(201).
748
Let n(u) = u**3 - 155*u**2 - 7545*u - 4062. Calculate n(194).
12
Let q(u) = -2*u**2 + 543*u - 11016. What is q(22)?
-38
Let b(c) = 7*c - 53. Determine b(-28).
-249
Let o(k) = -7181*k - 78979. Calculate o(-11).
12
Let r(f) = f**3 + 33*f**2 - 14*f + 159. Calculate r(-33).
621
Let c(k) = -44*k**3 - 482*k**2 - 255*k - 3046. Give c(-11).
1
Let h(g) = -6*g**2 + 23535*g + 188658. Calculate h(-8).
-6
Let n(a) = -71*a - 4444. Calculate n(-63).
29
Let k(y) = y**2 - 3241*y + 884949. What is k(301)?
9
Let t(k) = 4*k**2 - 37*k - 326. Determine t(-5).
-41
Let i(p) = p**3 - 6*p**2 + 105*p - 849. Give i(7).
-65
Let p(t) = -6*t**2 - 63*t - 61. Calculate p(-2).
41
Let a(q) = -5*q**2 + 64*q + 34. Calculate a(-12).
-1454
Let c(w) = w**2 - 103*w + 1375. Give c(18).
-155
Let o(y) = 245*y - 9053. Give o(38).
257
Let j(v) = -209447*v - 16546306. Give j(-79).
7
Let z(v) = -v**3 - 10*v**2 + 4727*v + 37948. What is z(-8)?
4
Let y(u) = 3*u**3 + 181*u**2 + 440*u - 199. Determine y(-58).
-2171
Let x(c) = -17*c**3 + 26*c**2 - 17*c + 44. What is x(2)?
-22
Let q(s) = 40*s**3 + 2*s**2 + 10*s - 27. Calculate q(3).
1101
Let g(w) = 12*w**2 - 14*w + 17. Give g(0).
17
Let t(f) = -3*f**3 + 249*f**2 + 1606*f + 5. Determine t(-6).
-19
Let v(z) = -241*z - 44577. Give v(-172).
-3125
Let z(x) = 31*x**2 + 2943*x - 163. Calculate z(-95).
27
Let x(u) = 16*u**2 - 36*u - 91. Calculate x(0).
-91
Let y(s) = -556*s + 1490. Calculate y(3).
-178
Let g(i) = -2*i**3 - 139*i**2 - 1677*i - 45. Determine g(-16).
-605
Let p(d) = -308*d - 18082. Give p(-59).
90
Let p(d) = 11330*d - 45166. Calculate p(4).
154
Let m(d) = 4068*d + 44305. Give m(-11).
-443
Let h(k) = 7563*k - 196391. Determine h(26).
247
Let r(w) = 1602*w**2 - 14494*w + 666. Determine r(9).
-18
Let f(x) = -13*x**3 - 122*x**2 + 24*x + 32. Give f(-10).
592
Let p(o) = -47*o**2 + 312*o - 208. Give p(6).
-28
Let d(o) = 9*o**2 + 1231*o + 6138. Give d(-5).
208
Let y(h) = -h**2 + 29229*h + 936345. Give y(-32).
-7
Let o(c) = -48*c**2 + 308*c - 158. What is o(6)?
-38
Let b(m) = 74018*m - 1561. Determine b(0).
-1561
Let t(a) = 3503*a - 126156. What is t(36)?
-48
Let m(s) = -9127*s - 127778. Determine m(-14).
0
Let h(x) = -8440*x - 55360. What is h(-6)?
-4720
Let v(w) = 2*w**3 + 91*w**2 + 524*w + 42. What is v(-6)?
-258
Let m(a) = -61934*a - 26260009. Calculate m(-424).
7
Let d(b) = 3698*b + 48330. Determine d(-13).
256
Let t(x) = 8*x**2 + 495*x - 569. Give t(-64).
519
Let m(d) = 3*d**2 + 365*d + 3357. Give m(-10).
7
Let k(u) = -817*u + 62922. Calculate k(77).
13
Let h(r) = -4*r**2 + 158*r - 278. Determine h(40).
-358
Let v(u) = u**2 + 95*u + 1978. Determine v(-32).
-38
Let i(w) = w**3 + 17*w**2 - 21*w - 179. Determine i(-14).
703
Let t(x) = 3*x**3 - 13*x**2 - 13207*x + 39668. Calculate t(3).
11
Let t(b) = 102*b**2 - 518*b - 106. What is t(5)?
-146
Let n(l) = 3*l**2 - 13048*l + 26094. What is n(2)?
10
Let r(b) = -427*b + 51247. Calculate r(120).
7
Let t(b) = 1070*b**2 - 5342*b - 130. Determine t(5).
-90
Let r(h) = h**2 - 1472*h + 129547. Determine r(94).
15
Let m(h) = 194179*h + 1941726. Calculate m(-10).
-64
Let f(n) = n**2 + 21656*n - 390133. Give f(18).
-1
Let w(y) = -11*y**3 - 1499*y**2 + 109